 digit of 0/((-2 + q)/(-4)) - -115?
5
Let f = 6 + 11. Suppose 2*b - 2*z = 3*z - f, -4*b - 2*z = -26. Suppose b*a = 45 + 39. What is the units digit of a?
1
Suppose -3*c = -0*c - 6. Suppose -c*x - l = -2, x - 2*x - 5*l = 17. Let n = x - -14. What is the tens digit of n?
1
Suppose -4*p + 12 = 4*n, -5*p - 3*n = -0*p - 15. Suppose 0 = p*a + 2*a - 265. What is the units digit of a?
3
Suppose 5*w - 1057 = -4*m, 1050 = 4*m + 23*w - 25*w. What is the hundreds digit of m?
2
Let b be 3 - (3 - -6)/3. Let m be 0 - b - (0 - 6). Suppose m*c = 7*c - 13. What is the tens digit of c?
1
Let s(t) = -t**2 - 14*t + 6. Let o(n) = n**3 + 10*n**2 - 9*n + 13. Let m be o(-11). What is the tens digit of s(m)?
5
Let t = 26 + 4. What is the tens digit of ((-80)/50)/((-4)/t)?
1
Let u = -1174 - -2124. What is the hundreds digit of u?
9
Let c be (0 - -4)*77/(-44). Let s(y) = -y**3 - 2*y**2 - 2*y + 1. Let w be s(-3). Let d = c + w. What is the units digit of d?
9
Let d(h) = h**3 - h**2 + 2. Let c be d(2). Suppose 2*r = -3*r, 2*u - r - 52 = 0. Suppose u = -c*v + 7*v. What is the tens digit of v?
2
Suppose -2*t = -4*l + 7638, l + 24*t - 1922 = 22*t. What is the hundreds digit of l?
9
Let d = -2 + 55. Let b be (-66)/(-24) + 3/12. Suppose 3*m - 4*r - d = -b*r, 5*m = -3*r + 79. What is the units digit of m?
7
Suppose 4*y - 4964 = -5*z, 5*z + 3*y - 3711 - 1252 = 0. What is the tens digit of z?
9
Let k = 273 + 115. What is the hundreds digit of k?
3
Suppose -5*l - 3*k + 937 = -4*l, 5*l - k - 4733 = 0. What is the units digit of l?
6
Let u = 4 + 16. Let z = u + -17. Suppose 0 = -z*p + 5*p - 48. What is the tens digit of p?
2
Suppose 5692 = 6*y - 5906. What is the tens digit of y?
3
Suppose 6*m = -4*m - 100. What is the units digit of 15/m*(-1496)/12?
7
Let u(j) = -2*j + 12. Let z be u(3). Let t = -15 + z. What is the units digit of (-3)/t + 182/3?
1
Suppose -d - 8*a - 17 = -6*a, 0 = -2*d + 4*a - 66. What is the units digit of (-5660)/d + 3/5 + -1?
6
Let n be 5/8 - (-9)/24. Let s(z) = 243*z**3 + 2*z**2 - 1. What is the tens digit of s(n)?
4
Let h be (6/15)/((-1)/(-5)). Suppose 0*x = -h*x - 18. Let d = x + 10. What is the units digit of d?
1
Suppose -24*n + 130684 = 19156. What is the hundreds digit of n?
6
Let k = -1 + 7. Suppose -w = -k*w. Suppose w = 3*p - 4 - 20. What is the units digit of p?
8
Let u(z) = 3*z + 23. Let r be u(-12). Let o(a) = -a**3 - 12*a**2 + 6*a - 24. What is the units digit of o(r)?
7
Suppose 9*n + 200 = -7. Let i = -17 - n. What is the units digit of i?
6
Let g(j) be the third derivative of -5*j**4/12 - 5*j**3/3 - 12*j**2. Let w be g(-6). Suppose -3*z + w = -z. What is the units digit of z?
5
Suppose 0 = -b + 3 - 1. Suppose -z = 3*g - 60, z - 2*g = -b*z + 213. What is the units digit of z?
9
Let w = 1170 + -772. Suppose 6*y = y - 15, -2*y = -4*a + w. What is the tens digit of a?
9
Let v = -35 + 22. Let z(t) = -t**3 - 15*t**2 - 30*t + 15. What is the tens digit of z(v)?
6
Let g(i) = -3*i**2 - 6*i - 4. Suppose -2*d - 13 = -0*d - c, 3*c - 23 = 2*d. Let s be g(d). What is the tens digit of (-192)/(-56)*s/(-2)?
4
Let j(a) = 871*a**3 - 2*a**2 + a + 2. What is the units digit of j(1)?
2
Suppose -2*p + p = -4. Suppose -2*h = -3*d - 98, p*h = -h - d + 211. What is the units digit of h?
3
Let o(q) = -q**2 - 7*q + 8. Let h be o(-8). Let p be 0 - 0/(2/(-2)). Suppose h = c - 1 - p. What is the units digit of c?
1
Let f = 5920 - 2615. What is the hundreds digit of f?
3
Let y = -354 + 501. What is the hundreds digit of y?
1
Let s = 458 - 495. Let u = 103 - 40. Let a = s + u. What is the units digit of a?
6
Let v(y) = y**3 - 7*y**2 - 8*y + 3. Let f be v(8). Suppose f*c - 1881 = -6*c. What is the units digit of c?
9
Suppose -25*u + 1217 = -24*u. What is the hundreds digit of u?
2
Let i(s) be the first derivative of 4 + 0*s + 3/2*s**2. What is the units digit of i(2)?
6
Let b = -6 - 7. Let r = -10 - b. Suppose 104 = r*x + x. What is the tens digit of x?
2
Let s(y) = 26*y - 206. What is the hundreds digit of s(25)?
4
Let u(z) = -4*z + 9. Suppose -r + 2*k = 4, -10 = r + 5*k + 1. What is the tens digit of u(r)?
3
Let m(w) = 2*w**2 + 4*w + 5. Let b be m(-4). Let x be (-36)/b + 2/(-7). What is the tens digit of x/6 - (-122)/6?
2
Suppose 5*q = 39 - 9. Suppose 159 = -q*n + 435. What is the tens digit of n?
4
Let z(f) = -f**3 - 10*f**2 - 19*f - 12. What is the tens digit of z(-8)?
1
Let q be 12/90 + 146/30. Suppose q*k - 12 = 2*k. What is the units digit of k?
4
Let o(n) = n - 14. Let v = -18 - -33. Let b be o(v). What is the units digit of (-30)/(-20)*2*b?
3
Let u(q) = q**3 + 5*q**2 + 2*q + 1. Let o be u(-5). Let b(d) = d**3 + 10*d**2 + 10*d + 9. Let t be b(o). Suppose -w - 3 + 4 = t. What is the units digit of w?
1
Let y = 20 - 16. Let u be (275/(-4))/((-1)/y). Suppose -3*m + u = 2*m. What is the tens digit of m?
5
Suppose 6*k - 524 = 2*k. Suppose -4*v = 2*f - 9*v - 280, f - k = -2*v. What is the tens digit of f?
3
Suppose s + 0*s - 19 = 2*t, 2*t = 3*s - 25. What is the tens digit of (-3 - (-117)/(-2))*t/3?
6
Suppose 0 = a - 5*u - 211, 3*a - 3*u - 945 = -2*a. Let y = -94 + a. Let m = y + -52. What is the tens digit of m?
4
Let i(w) = -82*w + 115. What is the tens digit of i(-5)?
2
Let w(n) = -n**3 + n**2 + 147. What is the units digit of w(0)?
7
Let k = -309 + 491. What is the units digit of k?
2
Suppose 0 = 3*s - 6, -2*s + 26 - 106 = 3*w. What is the tens digit of (3/4)/(w/(-3472))?
9
Let p = 660 - 142. What is the hundreds digit of p?
5
Suppose -4 = -4*i + 12. Let p(r) = -3 - 2*r + 6*r**2 + i - 5*r**2 + 0*r. What is the units digit of p(3)?
4
Suppose 4*h + 4*q = 3*q + 4402, 0 = -2*h - 2*q + 2204. Suppose h = 10*c + c. What is the tens digit of c?
0
Suppose 0 = -0*f - f + 275. What is the units digit of f?
5
Suppose 189*i - 192*i = -1614. What is the tens digit of i?
3
Suppose -5*x + 3078 = 14*x. What is the tens digit of x?
6
Suppose 8*m - 219 = 5*m. Suppose 3*j + 7*p = 2*p + m, -p - 79 = -3*j. Suppose j = -4*d + 98. What is the tens digit of d?
1
Let u be 6/27 - (-106)/9. Let f(n) = 13*n - 4 + 7 - 12*n. What is the units digit of f(u)?
5
Suppose 25*f + 535 = 30*f. What is the tens digit of f?
0
Suppose -s - x + 2*x = 0, -30 = -4*s - 2*x. Suppose 0 = 4*m - m, 3*m = -s*b + 140. What is the tens digit of b?
2
Suppose -3*y = -6*y - 6, 3*y + 141 = -5*r. Let n = 10 - r. What is the tens digit of n?
3
Suppose -2*t = -5*t + 3*x + 1077, -t + 344 = 4*x. What is the hundreds digit of t?
3
Suppose -n = -q + 3*n + 337, 5*n = 4*q - 1304. What is the tens digit of q?
2
Suppose 7 - 3 = 4*q, -2*q = 4*s - 1834. What is the tens digit of s?
5
Let u(p) = p**2 + 5*p + 7. Let q be u(-3). What is the tens digit of (12 - 166)*q/(-2)?
7
Suppose -3*f - 4*c + 35 = 0, -5*f - 5*c + 43 = -12. Suppose 5*t - 8*t = -f. What is the units digit of ((-1)/t)/(2/(-24))?
4
Let n(k) be the second derivative of 2*k**3 - 4*k**2 - 11*k. What is the tens digit of n(7)?
7
Let y(s) = 13*s - 4. Let f be y(-6). Let m = f - -138. What is the units digit of m?
6
Suppose -10*t - 312 = -14*t. Suppose k + i = 5*i + t, 5*i = -5. What is the units digit of k?
4
Let c be (4/(-5))/((-18)/90). Suppose -p + 14 = -3*n, -5*p = -p - c*n - 32. What is the units digit of p?
5
Let w = 73 - -119. Suppose 352 = 4*n - w. What is the units digit of n?
6
Let x(s) = 23*s**2 + 16*s - 45. What is the hundreds digit of x(4)?
3
Let x be 4 + (3 + -5)/(-2). Let w = x + -3. What is the units digit of w?
2
Let z = -1361 + 3292. What is the thousands digit of z?
1
Let t(f) = -17*f**3 + f**2 - 3*f - 15. What is the hundreds digit of t(-3)?
4
Suppose 3*a - 15 = 0, 3*f - 5*a = -2*f - 10. Let c be (-8)/44 - (-450)/55. Suppose f*v - c = 49. What is the units digit of v?
9
Suppose -13*g + 18*g = 885. Suppose -q = -2*q - 3*t + 157, 0 = -q + t + g. What is the units digit of q?
2
Suppose -2*j + 308 + 138 = 0. What is the tens digit of j?
2
Let q = 68 - 65. Let l = -12 - -69. Suppose -q*s + 9 + l = 0. What is the units digit of s?
2
Suppose -670*f = -671*f + 66. Let j(z) = -z**2 - 5*z - 1. Let w be j(-2). Suppose -w*i + 2*i = -f. What is the tens digit of i?
2
Let r(a) = 2*a + 15. Let s be r(-7). Let q(u) = 2*u - u**2 - 3*u + 20*u**3 + 2*u**2. What is the units digit of q(s)?
0
Suppose -13*y + 4*y = -873. Suppose 697 - y = 4*g. What is the hundreds digit of g?
1
L